 19
What are the prime factors of 151000?
2, 5, 151
List the prime factors of 2736.
2, 3, 19
What are the prime factors of 21177?
3, 13, 181
What are the prime factors of 80575?
5, 11, 293
List the prime factors of 71515.
5, 14303
What are the prime factors of 3525?
3, 5, 47
List the prime factors of 10691.
10691
What are the prime factors of 1534?
2, 13, 59
What are the prime factors of 32039?
7, 23, 199
List the prime factors of 2378.
2, 29, 41
List the prime factors of 341.
11, 31
What are the prime factors of 8292?
2, 3, 691
List the prime factors of 30.
2, 3, 5
What are the prime factors of 6196?
2, 1549
What are the prime factors of 1049?
1049
List the prime factors of 29396.
2, 7349
List the prime factors of 677.
677
What are the prime factors of 22484?
2, 7, 11, 73
What are the prime factors of 27195?
3, 5, 7, 37
What are the prime factors of 1224?
2, 3, 17
What are the prime factors of 1178?
2, 19, 31
List the prime factors of 8360.
2, 5, 11, 19
List the prime factors of 6628.
2, 1657
What are the prime factors of 27204?
2, 3, 2267
What are the prime factors of 185825?
5, 7433
List the prime factors of 4515.
3, 5, 7, 43
List the prime factors of 3085.
5, 617
What are the prime factors of 187?
11, 17
List the prime factors of 9116.
2, 43, 53
List the prime factors of 4628.
2, 13, 89
List the prime factors of 1075.
5, 43
What are the prime factors of 141?
3, 47
List the prime factors of 2172.
2, 3, 181
What are the prime factors of 988?
2, 13, 19
List the prime factors of 45652.
2, 101, 113
What are the prime factors of 1429?
1429
What are the prime factors of 337?
337
List the prime factors of 4104.
2, 3, 19
List the prime factors of 45.
3, 5
List the prime factors of 78154.
2, 23, 1699
What are the prime factors of 61645?
5, 12329
List the prime factors of 5937.
3, 1979
List the prime factors of 60493.
60493
List the prime factors of 943.
23, 41
What are the prime factors of 4753?
7, 97
List the prime factors of 22.
2, 11
What are the prime factors of 1557?
3, 173
What are the prime factors of 109849?
109849
What are the prime factors of 24490?
2, 5, 31, 79
What are the prime factors of 136568?
2, 43, 397
List the prime factors of 384.
2, 3
List the prime factors of 1419.
3, 11, 43
List the prime factors of 5139.
3, 571
What are the prime factors of 604?
2, 151
List the prime factors of 1561.
7, 223
What are the prime factors of 677?
677
What are the prime factors of 1019?
1019
List the prime factors of 3455.
5, 691
List the prime factors of 6992.
2, 19, 23
What are the prime factors of 28749?
3, 7, 37
What are the prime factors of 48295?
5, 13, 743
List the prime factors of 7920.
2, 3, 5, 11
What are the prime factors of 1410?
2, 3, 5, 47
List the prime factors of 119264.
2, 3727
What are the prime factors of 30492?
2, 3, 7, 11
List the prime factors of 1615.
5, 17, 19
List the prime factors of 8145.
3, 5, 181
What are the prime factors of 32219?
11, 29, 101
What are the prime factors of 1155?
3, 5, 7, 11
List the prime factors of 129269.
7, 59, 313
List the prime factors of 3469.
3469
List the prime factors of 75951.
3, 29, 97
What are the prime factors of 11032?
2, 7, 197
List the prime factors of 6066.
2, 3, 337
List the prime factors of 3085.
5, 617
What are the prime factors of 21354?
2, 3, 3559
What are the prime factors of 96514?
2, 11, 41, 107
List the prime factors of 37560.
2, 3, 5, 313
What are the prime factors of 3805?
5, 761
What are the prime factors of 16524?
2, 3, 17
What are the prime factors of 50434?
2, 151, 167
What are the prime factors of 41199?
3, 31, 443
What are the prime factors of 975?
3, 5, 13
What are the prime factors of 41007?
3, 13669
List the prime factors of 5718.
2, 3, 953
List the prime factors of 2472.
2, 3, 103
What are the prime factors of 11453?
13, 881
List the prime factors of 18743.
18743
What are the prime factors of 3345?
3, 5, 223
List the prime factors of 14717.
14717
List the prime factors of 4748.
2, 1187
What are the prime factors of 296?
2, 37
What are the prime factors of 3762?
2, 3, 11, 19
What are the prime factors of 7656?
2, 3, 11, 29
What are the prime factors of 757?
757
What are the prime factors of 154?
2, 7, 11
List the prime factors of 932.
2, 233
What are the prime factors of 6809?
11, 619
What are the prime factors of 3114?
2, 3, 173
List the prime factors of 2296.
2, 7, 41
What are the prime factors of 9405?
3, 5, 11, 19
List the prime factors of 2643.
3, 881
List the prime factors of 57914.
2, 23, 1259
What are the prime factors of 68905?
5, 13781
What are the prime factors of 1437?
3, 479
What are the prime factors of 57959?
11, 479
List the prime factors of 3870.
2, 3, 5, 43
List the prime factors of 35478.
2, 3, 73
What are the prime factors of 4072?
2, 509
List the prime factors of 1612.
2, 13, 31
List the prime factors of 44811.
3, 13, 383
What are the prime factors of 5674?
2, 2837
List the prime factors of 1075.
5, 43
What are the prime factors of 15101?
15101
List the prime factors of 734.
2, 367
What are the prime factors of 2124?
2, 3, 59
List the prime factors of 11167.
13, 859
List the prime factors of 14752.
2, 461
List the prime factors of 26273.
13, 43, 47
What are the prime factors of 14821?
14821
List the prime factors of 5098.
2, 2549
What are the prime factors of 1017?
3, 113
List the prime factors of 16677.
3, 17, 109
What are the prime factors of 2042?
2, 1021
What are the prime factors of 4459?
7, 13
List the prime factors of 9356.
2, 2339
List the prime factors of 1584.
2, 3, 11
List the prime factors of 1717.
17, 101
What are the prime factors of 77051?
13, 5927
List the prime factors of 2030.
2, 5, 7, 29
What are the prime factors of 2285?
5, 457
List the prime factors of 2246.
2, 1123
What are the prime factors of 2787?
3, 929
What are the prime factors of 189?
3, 7
List the prime factors of 394.
2, 197
What are the prime factors of 10920?
2, 3, 5, 7, 13
List the prime factors of 56449.
19, 2971
What are the prime factors of 24949?
61, 409
List the prime factors of 153.
3, 17
List the prime factors of 170.
2, 5, 17
List the prime factors of 4807.
11, 19, 23
What are the prime factors of 43594?
2, 71, 307
List the prime factors of 77146.
2, 17, 2269
What are the prime factors of 35509?
35509
What are the prime factors of 6599?
6599
What are the prime factors of 36012?
2, 3, 3001
What are the prime factors of 1501?
19, 79
What are the prime factors of 1334?
2, 23, 29
List the prime factors of 371.
7, 53
List the prime factors of 1637.
1637
List the prime factors of 9088.
2, 71
What are the prime factors of 95264?
2, 13, 229
List the prime factors of 44685.
3, 5, 331
List the prime factors of 809.
809
List the prime factors of 13219.
13219
List the prime factors of 91927.
11, 61, 137
What are the prime factors of 646?
2, 17, 19
What are the prime factors of 2483?
13, 191
List the prime factors of 1778.
2, 7, 127
List the prime factors of 22322.
2, 11161
List the prime factors of 999.
3, 37
List the prime factors of 639.
3, 71
List the prime factors of 148.
2, 37
What are the prime factors of 4135?
5, 827
What are the prime factors of 56330?
2, 5, 43, 131
What are the prime factors of 2426?
2, 1213
List the prime factors of 1865.
5, 373
List the prime factors of 4586.
2, 2293
What are the prime factors of 9101?
19, 479
What are the prime factors of 482?
2, 241
What are the prime factors of 475?
5, 19
List the prime factors of 1421.
7, 29
What are the prime factors of 685?
5, 137
List the prime factors of 4676.
2, 7, 167
What are the prime factors of 557?
557
What are the prime factors of 660?
2, 3, 5, 11
What are the prime factors of 63211?
63211
List the prime factors of 7133.
7, 1019
List the prime factors of 12431.
31, 401
What are the prime factors of 2320?
2, 5, 29
What are the prime factors of 1571?
1571
What are the prime factors of 895?
5, 179
What are the prime factors of 731?
17, 43
What are the prime factors of 1519?
7, 31
List the prime factors of 3909.
3, 1303
What are the prime factors of 64?
2
List the prime factors of 790.
2, 5, 79
What are the prime factors of 1229?
1229
List the prime factors of 20941.
43, 487
What are the prime factors of 6503?
7, 929
List the prime factors of 39124.
2, 9781
List the prime factors of 17143